of 4496010.
2, 3, 5, 149867
List the prime factors of 1632399570.
2, 3, 5, 431, 42083
List the prime factors of 488193309.
3, 61, 367, 2423
What are the prime factors of 275995234?
2, 137997617
What are the prime factors of 1288326990?
2, 3, 5, 1277, 33629
What are the prime factors of 235721044?
2, 13, 4533097
What are the prime factors of 69252103?
23, 47, 64063
What are the prime factors of 2187626945?
5, 7, 23, 2717549
What are the prime factors of 1648043942?
2, 824021971
What are the prime factors of 59141477?
59141477
List the prime factors of 2227755510.
2, 3, 5, 19, 229, 5689
What are the prime factors of 5374649219?
5374649219
List the prime factors of 74919935.
5, 17, 881411
List the prime factors of 64132082.
2, 7, 93487
List the prime factors of 4661656482.
2, 3, 7, 269, 412609
What are the prime factors of 9210529?
641, 14369
List the prime factors of 3013517801.
7, 17, 25323679
What are the prime factors of 140730553?
787, 178819
List the prime factors of 82377703.
82377703
What are the prime factors of 1753580866?
2, 876790433
List the prime factors of 92771945.
5, 7, 378661
What are the prime factors of 4330110575?
5, 7, 1493, 16573
List the prime factors of 46531744.
2, 7, 31, 6701
List the prime factors of 945469107.
3, 11, 29, 329317
List the prime factors of 1656074601.
3, 17, 37, 292541
List the prime factors of 1640713941.
3, 60767183
List the prime factors of 262630724.
2, 65657681
List the prime factors of 3674737941.
3, 7, 174987521
What are the prime factors of 44471059?
44471059
What are the prime factors of 49394761?
13, 3799597
What are the prime factors of 280097277?
3, 73, 1278983
List the prime factors of 734487738.
2, 3, 122414623
What are the prime factors of 20223656?
2, 31, 81547
What are the prime factors of 27900098?
2, 13950049
List the prime factors of 602656414.
2, 347, 868381
What are the prime factors of 1651969959?
3, 47, 11716099
List the prime factors of 139383223.
7, 31, 139, 4621
What are the prime factors of 2902801238?
2, 17, 6857, 12451
What are the prime factors of 244748363?
97, 677, 3727
What are the prime factors of 2198665628?
2, 419, 1311853
What are the prime factors of 8883242?
2, 4441621
List the prime factors of 433824846.
2, 3, 7, 13, 794551
List the prime factors of 61033072.
2, 47, 277, 293
What are the prime factors of 1092786641?
443, 2466787
List the prime factors of 4766669652.
2, 3, 2819, 140909
What are the prime factors of 1842952616?
2, 230369077
List the prime factors of 955588559.
955588559
List the prime factors of 50988448.
2, 7, 227627
List the prime factors of 1014206259.
3, 11, 1301, 23623
What are the prime factors of 2439685771?
31, 41, 53, 36217
List the prime factors of 73942605.
3, 5, 11, 17, 29, 101
List the prime factors of 94710845.
5, 18942169
What are the prime factors of 13763768?
2, 1720471
What are the prime factors of 182243273?
383, 475831
List the prime factors of 16695782.
2, 43, 83, 2339
List the prime factors of 5904194463.
3, 19, 41, 280711
List the prime factors of 1463921788.
2, 7, 2371, 22051
List the prime factors of 386552947.
11, 35141177
What are the prime factors of 2672256146?
2, 7, 17, 11227967
What are the prime factors of 824208581?
7, 19, 101, 61357
List the prime factors of 2136780740.
2, 5, 47, 2273171
List the prime factors of 2618661881.
11, 277, 859423
What are the prime factors of 26382326?
2, 167, 78989
List the prime factors of 52866310.
2, 5, 7, 755233
List the prime factors of 11998062.
2, 3, 666559
List the prime factors of 326604598.
2, 47, 3474517
List the prime factors of 140356655.
5, 1163, 24137
What are the prime factors of 40346986?
2, 43, 61, 7691
List the prime factors of 61417135.
5, 13, 5591
What are the prime factors of 50321485?
5, 109, 92333
What are the prime factors of 288731803?
1151, 250853
What are the prime factors of 511229807?
11, 5737, 8101
List the prime factors of 352486102.
2, 41, 89, 48299
What are the prime factors of 122328948?
2, 3, 7, 59, 24683
What are the prime factors of 358881511?
358881511
What are the prime factors of 415013886?
2, 3, 7, 23, 71, 2017
List the prime factors of 319648782.
2, 3, 53274797
What are the prime factors of 188058358?
2, 2971, 31649
What are the prime factors of 12372301?
179, 69119
List the prime factors of 1989723370.
2, 5, 198972337
List the prime factors of 68499584.
2, 31, 61, 283
What are the prime factors of 763104106?
2, 19, 199, 100913
What are the prime factors of 27570893?
7, 3938699
What are the prime factors of 8249818?
2, 4124909
What are the prime factors of 47664353?
11, 863, 5021
List the prime factors of 914235468.
2, 3, 76186289
List the prime factors of 1361948667.
3, 2381, 190669
List the prime factors of 140568607.
547, 256981
List the prime factors of 189714594.
2, 3, 17, 83, 22409
What are the prime factors of 256007153?
97, 421, 6269
List the prime factors of 1062548711.
7, 151792673
What are the prime factors of 1807889513?
61, 29637533
List the prime factors of 101661104.
2, 23, 12011
What are the prime factors of 64245432?
2, 3, 2676893
List the prime factors of 14020927.
113, 127, 977
List the prime factors of 33367634.
2, 17, 53, 18517
List the prime factors of 49794295.
5, 41, 53, 4583
List the prime factors of 1162324291.
53, 21930647
What are the prime factors of 454108005?
3, 5, 13, 41, 6311
List the prime factors of 171945469.
107, 1606967
What are the prime factors of 1168445031?
3, 13, 293, 102253
List the prime factors of 47841381.
3, 7, 269, 941
List the prime factors of 3425793.
3, 7, 37, 4409
List the prime factors of 81713005.
5, 11, 157, 9463
List the prime factors of 46577848.
2, 97, 193, 311
What are the prime factors of 123124637?
883, 139439
What are the prime factors of 56080572?
2, 3, 53, 88177
What are the prime factors of 161950038?
2, 3, 23, 1173551
What are the prime factors of 1004241462?
2, 3, 7, 251, 95261
What are the prime factors of 889789556?
2, 222447389
List the prime factors of 1845506027.
1845506027
What are the prime factors of 1598086581?
3, 7, 13, 17, 53, 73, 89
List the prime factors of 214771392.
2, 3, 11, 11299
What are the prime factors of 515133711?
3, 17, 167, 20161
What are the prime factors of 526421355?
3, 5, 23, 1525859
List the prime factors of 27318312.
2, 3, 7, 67, 809
What are the prime factors of 7714245206?
2, 31033, 124291
List the prime factors of 126107120.
2, 5, 1576339
List the prime factors of 2447121.
3, 239, 3413
List the prime factors of 64401745.
5, 43, 59, 5077
List the prime factors of 2737526.
2, 11, 124433
What are the prime factors of 109901460?
2, 3, 5, 211, 8681
List the prime factors of 778851806.
2, 23, 809, 20929
What are the prime factors of 25880236?
2, 683, 9473
List the prime factors of 5999361.
3, 401, 4987
List the prime factors of 418058622.
2, 3, 31, 749209
What are the prime factors of 125378525?
5, 5015141
List the prime factors of 444781666.
2, 7, 97, 107, 3061
List the prime factors of 55505483.
11, 647, 709
List the prime factors of 39028681.
39028681
List the prime factors of 55459772.
2, 163, 85061
List the prime factors of 813513921.
3, 11, 24651937
What are the prime factors of 1788938825?
5, 19, 647, 5821
What are the prime factors of 88466929?
17, 5203937
What are the prime factors of 2318919386?
2, 7, 23, 89, 80917
List the prime factors of 3737236089.
3, 17, 73279139
What are the prime factors of 507875515?
5, 7, 14510729
List the prime factors of 3456616125.
3, 5, 281, 32803
What are the prime factors of 58184826?
2, 3, 7, 83, 16691
What are the prime factors of 1189859797?
7, 313, 11083
List the prime factors of 28098539.
7, 311, 12907
What are the prime factors of 165947901?
3, 7, 157, 50333
What are the prime factors of 2350891110?
2, 3, 5, 78363037
What are the prime factors of 13329494?
2, 647, 10301
What are the prime factors of 4054498041?
3, 11, 61, 2014157
List the prime factors of 362986460.
2, 5, 23, 789101
List the prime factors of 2638186757.
107, 24655951
List the prime factors of 772330038.
2, 3, 41, 47, 67, 997
List the prime factors of 402401529.
3, 37, 1208413
What are the prime factors of 12625418?
2, 13, 485593
What are the prime factors of 3427667334?
2, 3, 7, 13, 31, 22501
List the prime factors of 739786307.
13,